{"id":115,"date":"2023-05-16T23:57:12","date_gmt":"2023-05-16T23:57:12","guid":{"rendered":"https:\/\/deepweb.mx\/?page_id=115"},"modified":"2023-06-22T17:08:45","modified_gmt":"2023-06-22T17:08:45","slug":"hardware","status":"publish","type":"page","link":"https:\/\/deepweb.mx\/index.php\/hardware\/","title":{"rendered":"HARDWARE"},"content":{"rendered":"<h1>HARDWARE<\/h1>\n<div>\n<p style=\"font-weight: 400;\">El hardware en tecnolog\u00eda de la informaci\u00f3n se refiere a los componentes f\u00edsicos y tangibles de un sistema inform\u00e1tico, como computadoras, servidores, dispositivos de almacenamiento, impresoras, teclados, monitores y otros dispositivos electr\u00f3nicos utilizados para procesar, almacenar o transmitir informaci\u00f3n.<\/p>\n<p style=\"font-weight: 400;\">En el contexto de la tecnolog\u00eda de la informaci\u00f3n, el hardware tambi\u00e9n puede referirse a los dispositivos electr\u00f3nicos utilizados para conectarse a redes, como enrutadores, m\u00f3dems, conmutadores, puntos de acceso inal\u00e1mbrico, entre otros. Estos componentes permiten la comunicaci\u00f3n y el intercambio de informaci\u00f3n entre dispositivos y redes.<\/p>\n<\/div>\n<ul>\n<li>\n<h3>ACCESORIOS<\/h3>\n<div>\n<p>Adaptadores, Teclados \/ Mouse, Malet\u00edn Backpack, C\u00e1maras Web, Bocinas, Diademas Aud\u00edfonos, Estaci\u00f3n de Acoplamiento \/ Docking, Cables de Seguridad, Cables, Bater\u00edas \/ Cargadores<\/p>\n<\/div>\n<\/li>\n<li>\n<h3>ALMACENAMIENTO<\/h3>\n<div>\n<p>Discos Duros Mec\u00e1nicos, USB, SSD, Memorias RAM<\/p>\n<\/div>\n<\/li>\n<li>\n<h3>COMPUTADORES<\/h3>\n<div>\n<p>Tabletas \/ Surface, Escritorio \/ AIO, Port\u00e1til \/ Laptop, Barebon \/ Thin Client, Workstation, Server<\/p>\n<\/div>\n<\/li>\n<li>\n<h3>ENERG\u00cdA<\/h3>\n<div>\n<p>Reguladores, Barras multicontacto, UPS \/ Nobreak, Bater\u00eda<\/p>\n<\/div>\n<\/li>\n<li>\n<h3>IMPRESI\u00d3N<\/h3>\n<div>\n<p>Impresi\u00f3n laser, Impresi\u00f3n de tinta, Impresi\u00f3n matriz, Impresi\u00f3n gran formato, Esc\u00e1ner \/ digitalizaci\u00f3n, Plotter<\/p>\n<\/div>\n<\/li>\n<li>\n<h3>REDES<\/h3>\n<div>\n<p>Access point, Antenas, Switch, Router<\/p>\n<\/div>\n<\/li>\n<li>\n<h3>TELEFON\u00cdA<\/h3>\n<div>\n<p>Telefon\u00eda IP, Telefon\u00eda M\u00f3vil, Telefon\u00eda M\u00f3vil uso rudo, Tabletas 4G<\/p>\n<\/div>\n<\/li>\n<li>\n<h3>SEGURIDAD<\/h3>\n<div>\n<p>Firewall<\/p>\n<\/div>\n<\/li>\n<li>\n<h3>SEGURIDAD F\u00cdSICA<\/h3>\n<div>\n<p>C\u00e1maras CCTV, Control de acceso<\/p>\n<\/div>\n<\/li>\n<li>\n<h3>VIDEO<\/h3>\n<div>\n<p>Proyectores, Digital Signage, Pantalla interactiva, TV\u00b4s, Monitores<\/p>\n<\/div>\n<\/li>\n<\/ul>\n<p>\n    <a href=\"\/index.php\/contacto\/\">CONT\u00c1CTANOS<\/a>\n<\/p>\n<p><!--more--><br \/>\n<!-- {\"type\":\"layout\",\"children\":[{\"type\":\"section\",\"props\":{\"image_position\":\"center-center\",\"padding\":\"small\",\"style\":\"default\",\"title_breakpoint\":\"xl\",\"title_position\":\"top-left\",\"title_rotation\":\"left\",\"vertical_align\":\"middle\",\"width\":\"default\"},\"children\":[{\"type\":\"row\",\"children\":[{\"type\":\"column\",\"props\":{\"image_position\":\"center-center\",\"media_overlay_gradient\":\"\",\"position_sticky_breakpoint\":\"m\"},\"children\":[{\"type\":\"headline\",\"props\":{\"content\":\"HARDWARE\",\"text_align\":\"center\",\"title_element\":\"h1\"}},{\"type\":\"text\",\"props\":{\"column_breakpoint\":\"m\",\"content\":\"\n\n<p style=\\\"font-weight: 400;\\\">El hardware en tecnolog\\u00eda de la informaci\\u00f3n se refiere a los componentes f\\u00edsicos y tangibles de un sistema inform\\u00e1tico, como computadoras, servidores, dispositivos de almacenamiento, impresoras, teclados, monitores y otros dispositivos electr\\u00f3nicos utilizados para procesar, almacenar o transmitir informaci\\u00f3n.<\\\/p>\\n\n\n<p style=\\\"font-weight: 400;\\\">En el contexto de la tecnolog\\u00eda de la informaci\\u00f3n, el hardware tambi\\u00e9n puede referirse a los dispositivos electr\\u00f3nicos utilizados para conectarse a redes, como enrutadores, m\\u00f3dems, conmutadores, puntos de acceso inal\\u00e1mbrico, entre otros. Estos componentes permiten la comunicaci\\u00f3n y el intercambio de informaci\\u00f3n entre dispositivos y redes.<\\\/p>\",\"margin\":\"default\",\"text_align\":\"center\",\"text_style\":\"small\"}},{\"type\":\"switcher\",\"props\":{\"content_column_breakpoint\":\"m\",\"image_align\":\"top\",\"image_grid_breakpoint\":\"m\",\"image_grid_width\":\"1-2\",\"image_svg_color\":\"emphasis\",\"link_style\":\"default\",\"link_text\":\"Read more\",\"margin\":\"default\",\"meta_align\":\"below-title\",\"meta_element\":\"div\",\"meta_style\":\"text-small\",\"nav\":\"tab\",\"nav_align\":\"center\",\"nav_grid_breakpoint\":\"m\",\"nav_grid_width\":\"auto\",\"nav_position\":\"top\",\"show_content\":true,\"show_image\":true,\"show_label\":true,\"show_link\":true,\"show_meta\":true,\"show_thumbnail\":true,\"show_title\":true,\"switcher_animation\":\"fade\",\"switcher_height\":true,\"text_align\":\"center\",\"thumbnav_height\":\"75\",\"thumbnav_svg_color\":\"emphasis\",\"thumbnav_width\":\"100\",\"title_align\":\"top\",\"title_element\":\"h3\",\"title_grid_breakpoint\":\"m\",\"title_grid_width\":\"1-2\"},\"children\":[{\"type\":\"switcher_item\",\"props\":{\"content\":\"\n\n<p>Adaptadores, Teclados \\\/ Mouse, Malet\\u00edn Backpack, C\\u00e1maras Web, Bocinas, Diademas Aud\\u00edfonos, Estaci\\u00f3n de Acoplamiento \\\/ Docking, Cables de Seguridad, Cables, Bater\\u00edas \\\/ Cargadores<\\\/p>\",\"title\":\"ACCESORIOS\"}},{\"type\":\"switcher_item\",\"props\":{\"content\":\"\n\n<p>Discos Duros Mec\\u00e1nicos, USB, SSD, Memorias RAM<\\\/p>\",\"title\":\"ALMACENAMIENTO\"}},{\"type\":\"switcher_item\",\"props\":{\"content\":\"\n\n<p>Tabletas \\\/ Surface, Escritorio \\\/ AIO, Port\\u00e1til \\\/ Laptop, Barebon \\\/ Thin Client, Workstation, Server<\\\/p>\",\"title\":\"COMPUTADORES\"}},{\"type\":\"switcher_item\",\"props\":{\"content\":\"\n\n<p>Reguladores, Barras multicontacto, UPS \\\/ Nobreak, Bater\\u00eda<\\\/p>\",\"title\":\"ENERG\\u00cdA\"}},{\"type\":\"switcher_item\",\"props\":{\"content\":\"\n\n<p>Impresi\\u00f3n laser, Impresi\\u00f3n de tinta, Impresi\\u00f3n matriz, Impresi\\u00f3n gran formato, Esc\\u00e1ner \\\/ digitalizaci\\u00f3n, Plotter<\\\/p>\",\"title\":\"IMPRESI\\u00d3N\"}},{\"type\":\"switcher_item\",\"props\":{\"content\":\"\n\n<p>Access point, Antenas, Switch, Router<\\\/p>\",\"title\":\"REDES\"}},{\"type\":\"switcher_item\",\"props\":{\"content\":\"\n\n<p>Telefon\\u00eda IP, Telefon\\u00eda M\\u00f3vil, Telefon\\u00eda M\\u00f3vil uso rudo, Tabletas 4G<\\\/p>\",\"title\":\"TELEFON\\u00cdA\"}},{\"type\":\"switcher_item\",\"props\":{\"content\":\"\n\n<p>Firewall<\\\/p>\",\"title\":\"SEGURIDAD\"}},{\"type\":\"switcher_item\",\"props\":{\"content\":\"\n\n<p>C\\u00e1maras CCTV, Control de acceso<\\\/p>\",\"title\":\"SEGURIDAD F\\u00cdSICA\"}},{\"type\":\"switcher_item\",\"props\":{\"content\":\"\n\n<p>Proyectores, Digital Signage, Pantalla interactiva, TV\\u00b4s, Monitores<\\\/p>\",\"title\":\"VIDEO\"}}]},{\"type\":\"button\",\"props\":{\"grid_column_gap\":\"small\",\"grid_row_gap\":\"small\",\"margin\":\"default\",\"text_align\":\"center\"},\"children\":[{\"type\":\"button_item\",\"props\":{\"button_style\":\"default\",\"content\":\"CONT\\u00c1CTANOS\",\"icon_align\":\"left\",\"link\":\"index.php\\\/contacto\\\/\",\"link_title\":\"CONT\\u00c1CTANOS\"}}]}]}]}]}],\"version\":\"3.0.27\"} --><\/p>\n","protected":false},"excerpt":{"rendered":"<p>HARDWARE El hardware en tecnolog\u00eda de la informaci\u00f3n se refiere a los componentes f\u00edsicos y tangibles de un sistema inform\u00e1tico, como computadoras, servidores, dispositivos de almacenamiento, impresoras, teclados, monitores y otros dispositivos electr\u00f3nicos utilizados para procesar, almacenar o transmitir informaci\u00f3n. En el contexto de la tecnolog\u00eda de la informaci\u00f3n, el hardware tambi\u00e9n puede referirse a [&hellip;]<\/p>\n","protected":false},"author":1,"featured_media":0,"parent":0,"menu_order":0,"comment_status":"closed","ping_status":"closed","template":"","meta":{"om_disable_all_campaigns":false,"_monsterinsights_skip_tracking":false,"_monsterinsights_sitenote_active":false,"_monsterinsights_sitenote_note":"","_monsterinsights_sitenote_category":0,"_joinchat":[],"footnotes":""},"aioseo_notices":[],"_links":{"self":[{"href":"https:\/\/deepweb.mx\/index.php\/wp-json\/wp\/v2\/pages\/115"}],"collection":[{"href":"https:\/\/deepweb.mx\/index.php\/wp-json\/wp\/v2\/pages"}],"about":[{"href":"https:\/\/deepweb.mx\/index.php\/wp-json\/wp\/v2\/types\/page"}],"author":[{"embeddable":true,"href":"https:\/\/deepweb.mx\/index.php\/wp-json\/wp\/v2\/users\/1"}],"replies":[{"embeddable":true,"href":"https:\/\/deepweb.mx\/index.php\/wp-json\/wp\/v2\/comments?post=115"}],"version-history":[{"count":33,"href":"https:\/\/deepweb.mx\/index.php\/wp-json\/wp\/v2\/pages\/115\/revisions"}],"predecessor-version":[{"id":673,"href":"https:\/\/deepweb.mx\/index.php\/wp-json\/wp\/v2\/pages\/115\/revisions\/673"}],"wp:attachment":[{"href":"https:\/\/deepweb.mx\/index.php\/wp-json\/wp\/v2\/media?parent=115"}],"curies":[{"name":"wp","href":"https:\/\/api.w.org\/{rel}","templated":true}]}}