{"id":676,"date":"2023-06-22T20:32:33","date_gmt":"2023-06-22T20:32:33","guid":{"rendered":"https:\/\/deepweb.mx\/?page_id=676"},"modified":"2023-07-03T20:08:45","modified_gmt":"2023-07-03T20:08:45","slug":"mantenimiento-de-equipos","status":"publish","type":"page","link":"https:\/\/deepweb.mx\/index.php\/mantenimiento-de-equipos\/","title":{"rendered":"MANTENIMIENTO DE EQUIPOS"},"content":{"rendered":"<h1>MANTENIMIENTO DE EQUIPOS<\/h1>\n<div>\n<p style=\"font-weight: 400;\">El mantenimiento de c\u00f3mputo son las actividades y\/o procesos realizados para asegurar el correcto funcionamiento y el rendimiento de los sistemas inform\u00e1ticos, tanto a nivel de hardware como de software. Este mantenimiento puede llevarse a cabo de manera preventiva, con el fin de evitar posibles problemas, o de manera correctiva, para solucionar fallos o aver\u00edas.<\/p>\n<p style=\"font-weight: 400;\">El mantenimiento de c\u00f3mputo puede abarcar diversas actividades, como las siguientes:<\/p>\n<\/div>\n<ul>\n<li>\n<h3>MANTENIMIENTO PREVENTIVO<\/h3>\n<div>\n<p><span>Incluye acciones peri\u00f3dicas para mantener los equipos en buen estado y prevenir posibles problemas. Esto puede incluir la limpieza f\u00edsica de los componentes, la actualizaci\u00f3n de software y controladores, la optimizaci\u00f3n del sistema operativo, la verificaci\u00f3n de los niveles de seguridad y la realizaci\u00f3n de copias de seguridad de los datos.<\/span><\/p>\n<\/div>\n<\/li>\n<li>\n<h3>MANTENIMIENTO CORRECTIVO<\/h3>\n<div>\n<p><span>Se lleva a cabo cuando se produce un fallo o aver\u00eda en el sistema. En este caso, se identifica y se soluciona el problema, ya sea reemplazando componentes defectuosos, restaurando configuraciones o aplicando parches o actualizaciones.<\/span><\/p>\n<\/div>\n<\/li>\n<li>\n<h3>MANTENIMIENTO DE SOFTWARE<\/h3>\n<div>\n<p><span>Implica la gesti\u00f3n y actualizaci\u00f3n del software utilizado en los sistemas inform\u00e1ticos. Esto puede incluir la instalaci\u00f3n y actualizaci\u00f3n de programas, la aplicaci\u00f3n de parches de seguridad, la detecci\u00f3n y eliminaci\u00f3n de malware, y la optimizaci\u00f3n del rendimiento del software.<\/span><\/p>\n<\/div>\n<\/li>\n<\/ul>\n<p>\n    <a href=\"\/index.php\/contacto\/\">SOLICITA MANTENIMIENTO<\/a>\n<\/p>\n<div>\n<div>\n<p>[rev_slider alias=&#8221;slider-6&#8243;][\/rev_slider]<\/p>\n<\/div>\n<\/div>\n<div>\n<p style=\"font-weight: 400;\">Otra parte del mantenimiento de hardware: Es el cuidado y mantenimiento de los componentes f\u00edsicos de los sistemas inform\u00e1ticos, como el monitoreo de la temperatura, la limpieza de ventiladores y disipadores de calor, la verificaci\u00f3n de conexiones y cables, y el reemplazo de componentes da\u00f1ados o desgastados.<\/p>\n<p style=\"font-weight: 400;\"><strong>En resumen, el mantenimiento de c\u00f3mputo es esencial para asegurar la fiabilidad, seguridad y rendimiento \u00f3ptimo de los sistemas inform\u00e1ticos, prolongando su vida \u00fatil y minimizando interrupciones en las operaciones diarias.<\/strong><\/p>\n<\/div>\n<p>\n    <a href=\"\/index.php\/servicios\/\">SERVICIOS<\/a>\n<\/p>\n<p><!--more--><br \/>\n<!-- {\"type\":\"layout\",\"children\":[{\"type\":\"section\",\"props\":{\"animation\":\"scale-up\",\"image_position\":\"center-center\",\"padding\":\"small\",\"padding_remove_bottom\":true,\"style\":\"default\",\"title_breakpoint\":\"xl\",\"title_position\":\"top-left\",\"title_rotation\":\"left\",\"vertical_align\":\"middle\",\"width\":\"default\"},\"children\":[{\"type\":\"row\",\"children\":[{\"type\":\"column\",\"props\":{\"image_position\":\"center-center\",\"media_overlay_gradient\":\"\",\"position_sticky_breakpoint\":\"m\"},\"children\":[{\"type\":\"headline\",\"props\":{\"content\":\"MANTENIMIENTO DE EQUIPOS\",\"text_align\":\"center\",\"title_element\":\"h1\"}},{\"type\":\"text\",\"props\":{\"column_breakpoint\":\"m\",\"content\":\"\n\n<p style=\\\"font-weight: 400;\\\">El mantenimiento de c\\u00f3mputo son las actividades y\\\/o procesos realizados para asegurar el correcto funcionamiento y el rendimiento de los sistemas inform\\u00e1ticos, tanto a nivel de hardware como de software. Este mantenimiento puede llevarse a cabo de manera preventiva, con el fin de evitar posibles problemas, o de manera correctiva, para solucionar fallos o aver\\u00edas.<\\\/p>\\n\n\n<p style=\\\"font-weight: 400;\\\">El mantenimiento de c\\u00f3mputo puede abarcar diversas actividades, como las siguientes:<\\\/p>\",\"margin\":\"default\",\"text_align\":\"center\"}}]}]}]},{\"type\":\"section\",\"props\":{\"animation\":\"scale-up\",\"image_position\":\"center-center\",\"padding\":\"small\",\"style\":\"default\",\"title_breakpoint\":\"xl\",\"title_position\":\"top-left\",\"title_rotation\":\"left\",\"vertical_align\":\"middle\",\"width\":\"default\"},\"children\":[{\"type\":\"row\",\"children\":[{\"type\":\"column\",\"props\":{\"image_position\":\"center-center\",\"media_overlay_gradient\":\"\",\"position_sticky_breakpoint\":\"m\"},\"children\":[{\"type\":\"switcher\",\"props\":{\"content_column_breakpoint\":\"m\",\"image_align\":\"top\",\"image_grid_breakpoint\":\"m\",\"image_grid_width\":\"1-2\",\"image_svg_color\":\"emphasis\",\"link_style\":\"default\",\"link_text\":\"Read more\",\"margin\":\"default\",\"meta_align\":\"below-title\",\"meta_element\":\"div\",\"meta_style\":\"text-meta\",\"nav\":\"tab\",\"nav_align\":\"center\",\"nav_grid_breakpoint\":\"m\",\"nav_grid_width\":\"auto\",\"nav_position\":\"top\",\"show_content\":true,\"show_image\":true,\"show_label\":true,\"show_link\":true,\"show_meta\":true,\"show_thumbnail\":true,\"show_title\":true,\"switcher_animation\":\"fade\",\"switcher_height\":true,\"text_align\":\"center\",\"thumbnav_height\":\"75\",\"thumbnav_svg_color\":\"emphasis\",\"thumbnav_width\":\"100\",\"title_align\":\"top\",\"title_element\":\"h3\",\"title_grid_breakpoint\":\"m\",\"title_grid_width\":\"1-2\"},\"children\":[{\"type\":\"switcher_item\",\"props\":{\"content\":\"\n\n<p><span>Incluye acciones peri\\u00f3dicas para mantener los equipos en buen estado y prevenir posibles problemas. Esto puede incluir la limpieza f\\u00edsica de los componentes, la actualizaci\\u00f3n de software y controladores, la optimizaci\\u00f3n del sistema operativo, la verificaci\\u00f3n de los niveles de seguridad y la realizaci\\u00f3n de copias de seguridad de los datos.<\\\/span><\\\/p>\",\"title\":\"MANTENIMIENTO PREVENTIVO\"}},{\"type\":\"switcher_item\",\"props\":{\"content\":\"\n\n<p><span>Se lleva a cabo cuando se produce un fallo o aver\\u00eda en el sistema. En este caso, se identifica y se soluciona el problema, ya sea reemplazando componentes defectuosos, restaurando configuraciones o aplicando parches o actualizaciones.<\\\/span><\\\/p>\",\"title\":\"MANTENIMIENTO CORRECTIVO\"}},{\"type\":\"switcher_item\",\"props\":{\"content\":\"\n\n<p><span>Implica la gesti\\u00f3n y actualizaci\\u00f3n del software utilizado en los sistemas inform\\u00e1ticos. Esto puede incluir la instalaci\\u00f3n y actualizaci\\u00f3n de programas, la aplicaci\\u00f3n de parches de seguridad, la detecci\\u00f3n y eliminaci\\u00f3n de malware, y la optimizaci\\u00f3n del rendimiento del software.<\\\/span><\\\/p>\",\"title\":\"MANTENIMIENTO DE SOFTWARE\"}}]},{\"type\":\"button\",\"props\":{\"grid_column_gap\":\"small\",\"grid_row_gap\":\"small\",\"margin\":\"default\",\"text_align\":\"center\"},\"children\":[{\"type\":\"button_item\",\"props\":{\"button_style\":\"default\",\"content\":\"SOLICITA MANTENIMIENTO\",\"icon_align\":\"left\",\"link\":\"index.php\\\/contacto\\\/\",\"link_title\":\"SOLICITA MANTENIMIENTO\"}}]}]}]},{\"type\":\"row\",\"children\":[{\"type\":\"column\",\"props\":{\"image_position\":\"center-center\",\"media_overlay_gradient\":\"\",\"position_sticky_breakpoint\":\"m\"},\"children\":[{\"type\":\"panel\",\"props\":{\"content\":\"\n\n<p>[rev_slider alias=\\\"slider-6\\\"][\\\/rev_slider]<\\\/p>\",\"content_column_breakpoint\":\"m\",\"icon_width\":80,\"image_align\":\"top\",\"image_grid_breakpoint\":\"m\",\"image_grid_width\":\"1-2\",\"image_svg_color\":\"emphasis\",\"link_style\":\"default\",\"link_text\":\"Read more\",\"margin\":\"default\",\"meta_align\":\"below-title\",\"meta_element\":\"div\",\"meta_style\":\"text-meta\",\"title_align\":\"top\",\"title_element\":\"h3\",\"title_grid_breakpoint\":\"m\",\"title_grid_width\":\"1-2\",\"title_hover_style\":\"reset\"}},{\"type\":\"text\",\"props\":{\"column_breakpoint\":\"m\",\"content\":\"\n\n<p style=\\\"font-weight: 400;\\\">Otra parte del mantenimiento de hardware: Es el cuidado y mantenimiento de los componentes f\\u00edsicos de los sistemas inform\\u00e1ticos, como el monitoreo de la temperatura, la limpieza de ventiladores y disipadores de calor, la verificaci\\u00f3n de conexiones y cables, y el reemplazo de componentes da\\u00f1ados o desgastados.<\\\/p>\\n\n\n<p style=\\\"font-weight: 400;\\\"><strong>En resumen, el mantenimiento de c\\u00f3mputo es esencial para asegurar la fiabilidad, seguridad y rendimiento \\u00f3ptimo de los sistemas inform\\u00e1ticos, prolongando su vida \\u00fatil y minimizando interrupciones en las operaciones diarias.<\\\/strong><\\\/p>\",\"margin\":\"default\",\"text_align\":\"center\"}},{\"type\":\"button\",\"props\":{\"grid_column_gap\":\"small\",\"grid_row_gap\":\"small\",\"margin\":\"default\",\"text_align\":\"center\"},\"children\":[{\"type\":\"button_item\",\"props\":{\"button_style\":\"default\",\"content\":\"SERVICIOS\",\"icon_align\":\"left\",\"link\":\"index.php\\\/servicios\\\/\",\"link_title\":\"SERVICIOS\"}}]}]}]}]}],\"version\":\"3.0.27\"} --><\/p>\n","protected":false},"excerpt":{"rendered":"<p>MANTENIMIENTO DE EQUIPOS El mantenimiento de c\u00f3mputo son las actividades y\/o procesos realizados para asegurar el correcto funcionamiento y el rendimiento de los sistemas inform\u00e1ticos, tanto a nivel de hardware como de software. Este mantenimiento puede llevarse a cabo de manera preventiva, con el fin de evitar posibles problemas, o de manera correctiva, para solucionar [&hellip;]<\/p>\n","protected":false},"author":1,"featured_media":0,"parent":0,"menu_order":0,"comment_status":"closed","ping_status":"closed","template":"","meta":{"om_disable_all_campaigns":false,"_monsterinsights_skip_tracking":false,"_monsterinsights_sitenote_active":false,"_monsterinsights_sitenote_note":"","_monsterinsights_sitenote_category":0,"_joinchat":[],"footnotes":""},"aioseo_notices":[],"_links":{"self":[{"href":"https:\/\/deepweb.mx\/index.php\/wp-json\/wp\/v2\/pages\/676"}],"collection":[{"href":"https:\/\/deepweb.mx\/index.php\/wp-json\/wp\/v2\/pages"}],"about":[{"href":"https:\/\/deepweb.mx\/index.php\/wp-json\/wp\/v2\/types\/page"}],"author":[{"embeddable":true,"href":"https:\/\/deepweb.mx\/index.php\/wp-json\/wp\/v2\/users\/1"}],"replies":[{"embeddable":true,"href":"https:\/\/deepweb.mx\/index.php\/wp-json\/wp\/v2\/comments?post=676"}],"version-history":[{"count":29,"href":"https:\/\/deepweb.mx\/index.php\/wp-json\/wp\/v2\/pages\/676\/revisions"}],"predecessor-version":[{"id":966,"href":"https:\/\/deepweb.mx\/index.php\/wp-json\/wp\/v2\/pages\/676\/revisions\/966"}],"wp:attachment":[{"href":"https:\/\/deepweb.mx\/index.php\/wp-json\/wp\/v2\/media?parent=676"}],"curies":[{"name":"wp","href":"https:\/\/api.w.org\/{rel}","templated":true}]}}