{"id":686,"date":"2023-06-22T20:34:19","date_gmt":"2023-06-22T20:34:19","guid":{"rendered":"https:\/\/deepweb.mx\/?page_id=686"},"modified":"2023-07-03T20:29:38","modified_gmt":"2023-07-03T20:29:38","slug":"renta-de-equipo","status":"publish","type":"page","link":"https:\/\/deepweb.mx\/index.php\/renta-de-equipo\/","title":{"rendered":"RENTA DE EQUIPO"},"content":{"rendered":"<h1>RENTA DE EQUIPO<\/h1>\n<div>\n<p><span>La renta de equipo de c\u00f3mputo es un servicio en el cual se pueden alquilar temporalmente equipos de c\u00f3mputo, como computadoras, laptops, servidores, impresoras u otros dispositivos, para cubrir necesidades espec\u00edficas sin tener que realizar una inversi\u00f3n completa en la adquisici\u00f3n de los equipos. <\/span><\/p>\n<p><strong>Aspectos importantes relacionados con la renta de equipo de c\u00f3mputo:<\/strong><\/p>\n<\/div>\n<ul>\n<li>\n<h3>FELIXIBILIDAD<\/h3>\n<div>\n<p><span>La renta de equipo de c\u00f3mputo proporciona flexibilidad a las empresas, ya que pueden ajustar la cantidad y el tipo de equipos seg\u00fan sus necesidades cambiantes. Es \u00fatil en situaciones como eventos temporales, proyectos a corto plazo o situaciones de emergencia donde se requiere un equipo adicional por un tiempo limitado.<\/span><\/p>\n<\/div>\n<\/li>\n<li>\n<h3>MANTENIMIENTO Y SOPORTE T\u00c9CNICO<\/h3>\n<div>\n<p><span>Generalmente nosotros nos encargamos del mantenimiento y soporte t\u00e9cnico de los equipos. Esto alivia la carga de la empresa arrendataria, ya que no es responsable de las reparaciones, actualizaciones o reemplazos de los equipos en caso de fallos.<\/span><\/p>\n<\/div>\n<\/li>\n<li>\n<h3>ACTUALIZACI\u00d3N TECNOL\u00d3GICA<\/h3>\n<div>\n<p><span>La renta de equipo de c\u00f3mputo permite a las empresas acceder a tecnolog\u00eda actualizada sin la necesidad de comprar nuevos equipos. Esto puede ser beneficioso cuando se requiere utilizar equipos de \u00faltima generaci\u00f3n para proyectos espec\u00edficos o para mantenerse al d\u00eda con los avances tecnol\u00f3gicos.<\/span><\/p>\n<\/div>\n<\/li>\n<li>\n<h3>COSTOS CONTROLADOS<\/h3>\n<div>\n<p><span>El alquiler de equipos de c\u00f3mputo generalmente implica pagos peri\u00f3dicos durante el tiempo de uso, lo que permite una mejor planificaci\u00f3n y control de costos. En lugar de hacer una inversi\u00f3n inicial considerable en la compra de equipos, la empresa puede pagar una tarifa mensual o por el per\u00edodo de alquiler acordado.<\/span><\/p>\n<\/div>\n<\/li>\n<li>\n<h3>PERSONALIZACI\u00d3N Y ESCALABILIDAD<\/h3>\n<div>\n<p><span>Es posible personalizar la configuraci\u00f3n de los equipos para adaptarse a las necesidades espec\u00edficas de la empresa arrendataria. Adem\u00e1s, si la demanda de equipos cambia con el tiempo, se puede ajustar f\u00e1cilmente el n\u00famero de equipos alquilados para satisfacer las nuevas necesidades.<\/span><\/p>\n<\/div>\n<\/li>\n<\/ul>\n<p>\n    <a href=\"\/index.php\/contacto\/\">SOLICITA LA RENTA DE TU EQUIPO<\/a>\n<\/p>\n<div>\n<div>\n<p>[rev_slider alias=&#8221;arrendamiento-1&#8243;][\/rev_slider]<\/p>\n<\/div>\n<\/div>\n<div>\n<p><span>Es importante tener en cuenta que los t\u00e9rminos y condiciones del contrato de renta pueden variar dependiendo el contrato.<\/span><\/p>\n<\/div>\n<p>\n    <a href=\"\/index.php\/servicios\/\">\u00bfBUSCAS OTRO SERVICIO?<\/a>\n<\/p>\n<p><!--more--><br \/>\n<!-- {\"type\":\"layout\",\"children\":[{\"type\":\"section\",\"props\":{\"animation\":\"scale-up\",\"image_position\":\"center-center\",\"padding\":\"small\",\"padding_remove_bottom\":true,\"style\":\"default\",\"title_breakpoint\":\"xl\",\"title_position\":\"top-left\",\"title_rotation\":\"left\",\"vertical_align\":\"middle\",\"width\":\"default\"},\"children\":[{\"type\":\"row\",\"children\":[{\"type\":\"column\",\"props\":{\"image_position\":\"center-center\",\"media_overlay_gradient\":\"\",\"position_sticky_breakpoint\":\"m\"},\"children\":[{\"type\":\"headline\",\"props\":{\"content\":\"RENTA DE EQUIPO\",\"text_align\":\"center\",\"title_element\":\"h1\"}},{\"type\":\"text\",\"props\":{\"column_breakpoint\":\"m\",\"content\":\"\n\n<p><span>La renta de equipo de c\\u00f3mputo es un servicio en el cual se pueden alquilar temporalmente equipos de c\\u00f3mputo, como computadoras, laptops, servidores, impresoras u otros dispositivos, para cubrir necesidades espec\\u00edficas sin tener que realizar una inversi\\u00f3n completa en la adquisici\\u00f3n de los equipos. <\\\/span><\\\/p>\\n\n\n<p><strong>Aspectos importantes relacionados con la renta de equipo de c\\u00f3mputo:<\\\/strong><\\\/p>\",\"margin\":\"default\",\"text_align\":\"center\"}}]}]}]},{\"type\":\"section\",\"props\":{\"animation\":\"scale-up\",\"image_position\":\"center-center\",\"padding\":\"small\",\"style\":\"default\",\"title_breakpoint\":\"xl\",\"title_position\":\"top-left\",\"title_rotation\":\"left\",\"vertical_align\":\"middle\",\"width\":\"default\"},\"children\":[{\"type\":\"row\",\"children\":[{\"type\":\"column\",\"props\":{\"image_position\":\"center-center\",\"media_overlay_gradient\":\"\",\"position_sticky_breakpoint\":\"m\"},\"children\":[{\"type\":\"switcher\",\"props\":{\"content_column_breakpoint\":\"m\",\"image_align\":\"top\",\"image_grid_breakpoint\":\"m\",\"image_grid_width\":\"1-2\",\"image_svg_color\":\"emphasis\",\"link_style\":\"default\",\"link_text\":\"Read more\",\"margin\":\"default\",\"meta_align\":\"below-title\",\"meta_element\":\"div\",\"meta_style\":\"text-meta\",\"nav\":\"tab\",\"nav_align\":\"center\",\"nav_grid_breakpoint\":\"m\",\"nav_grid_width\":\"auto\",\"nav_position\":\"top\",\"show_content\":true,\"show_image\":true,\"show_label\":true,\"show_link\":true,\"show_meta\":true,\"show_thumbnail\":true,\"show_title\":true,\"switcher_animation\":\"fade\",\"switcher_height\":true,\"text_align\":\"center\",\"thumbnav_height\":\"75\",\"thumbnav_svg_color\":\"emphasis\",\"thumbnav_width\":\"100\",\"title_align\":\"top\",\"title_element\":\"h3\",\"title_grid_breakpoint\":\"m\",\"title_grid_width\":\"1-2\"},\"children\":[{\"type\":\"switcher_item\",\"props\":{\"content\":\"\n\n<p><span>La renta de equipo de c\\u00f3mputo proporciona flexibilidad a las empresas, ya que pueden ajustar la cantidad y el tipo de equipos seg\\u00fan sus necesidades cambiantes. Es \\u00fatil en situaciones como eventos temporales, proyectos a corto plazo o situaciones de emergencia donde se requiere un equipo adicional por un tiempo limitado.<\\\/span><\\\/p>\",\"title\":\"FELIXIBILIDAD\"}},{\"type\":\"switcher_item\",\"props\":{\"content\":\"\n\n<p><span>Generalmente nosotros nos encargamos del mantenimiento y soporte t\\u00e9cnico de los equipos. Esto alivia la carga de la empresa arrendataria, ya que no es responsable de las reparaciones, actualizaciones o reemplazos de los equipos en caso de fallos.<\\\/span><\\\/p>\",\"title\":\"MANTENIMIENTO Y SOPORTE T\\u00c9CNICO\"}},{\"type\":\"switcher_item\",\"props\":{\"content\":\"\n\n<p><span>La renta de equipo de c\\u00f3mputo permite a las empresas acceder a tecnolog\\u00eda actualizada sin la necesidad de comprar nuevos equipos. Esto puede ser beneficioso cuando se requiere utilizar equipos de \\u00faltima generaci\\u00f3n para proyectos espec\\u00edficos o para mantenerse al d\\u00eda con los avances tecnol\\u00f3gicos.<\\\/span><\\\/p>\",\"title\":\"ACTUALIZACI\\u00d3N TECNOL\\u00d3GICA\"}},{\"type\":\"switcher_item\",\"props\":{\"content\":\"\n\n<p><span>El alquiler de equipos de c\\u00f3mputo generalmente implica pagos peri\\u00f3dicos durante el tiempo de uso, lo que permite una mejor planificaci\\u00f3n y control de costos. En lugar de hacer una inversi\\u00f3n inicial considerable en la compra de equipos, la empresa puede pagar una tarifa mensual o por el per\\u00edodo de alquiler acordado.<\\\/span><\\\/p>\",\"title\":\"COSTOS CONTROLADOS\"}},{\"type\":\"switcher_item\",\"props\":{\"content\":\"\n\n<p><span>Es posible personalizar la configuraci\\u00f3n de los equipos para adaptarse a las necesidades espec\\u00edficas de la empresa arrendataria. Adem\\u00e1s, si la demanda de equipos cambia con el tiempo, se puede ajustar f\\u00e1cilmente el n\\u00famero de equipos alquilados para satisfacer las nuevas necesidades.<\\\/span><\\\/p>\",\"title\":\"PERSONALIZACI\\u00d3N Y ESCALABILIDAD\"}}]},{\"type\":\"button\",\"props\":{\"grid_column_gap\":\"small\",\"grid_row_gap\":\"small\",\"margin\":\"default\",\"text_align\":\"center\"},\"children\":[{\"type\":\"button_item\",\"props\":{\"button_style\":\"default\",\"content\":\"SOLICITA LA RENTA DE TU EQUIPO\",\"icon_align\":\"left\",\"link\":\"index.php\\\/contacto\\\/\",\"link_title\":\"SOLICITA LA RENTA DE TU EQUIPO\"}}]}]}]},{\"type\":\"row\",\"children\":[{\"type\":\"column\",\"props\":{\"image_position\":\"center-center\",\"media_overlay_gradient\":\"\",\"position_sticky_breakpoint\":\"m\"},\"children\":[{\"type\":\"panel\",\"props\":{\"content\":\"\n\n<p>[rev_slider alias=\\\"arrendamiento-1\\\"][\\\/rev_slider]<\\\/p>\",\"content_column_breakpoint\":\"m\",\"icon_width\":80,\"image_align\":\"top\",\"image_grid_breakpoint\":\"m\",\"image_grid_width\":\"1-2\",\"image_svg_color\":\"emphasis\",\"link_style\":\"default\",\"link_text\":\"Read more\",\"margin\":\"default\",\"meta_align\":\"below-title\",\"meta_element\":\"div\",\"meta_style\":\"text-meta\",\"title_align\":\"top\",\"title_element\":\"h3\",\"title_grid_breakpoint\":\"m\",\"title_grid_width\":\"1-2\",\"title_hover_style\":\"reset\"}},{\"type\":\"text\",\"props\":{\"column_breakpoint\":\"m\",\"content\":\"\n\n<p><span>Es importante tener en cuenta que los t\\u00e9rminos y condiciones del contrato de renta pueden variar dependiendo el contrato.<\\\/span><\\\/p>\",\"margin\":\"default\",\"text_align\":\"center\"}},{\"type\":\"button\",\"props\":{\"grid_column_gap\":\"small\",\"grid_row_gap\":\"small\",\"margin\":\"default\",\"text_align\":\"center\"},\"children\":[{\"type\":\"button_item\",\"props\":{\"button_style\":\"default\",\"content\":\"\\u00bfBUSCAS OTRO SERVICIO?\",\"icon_align\":\"left\",\"link\":\"index.php\\\/servicios\\\/\",\"link_title\":\"\\u00bfBUSCAS OTRO SERVICIO?\"}}]}]}]}]}],\"version\":\"3.0.27\"} --><\/p>\n","protected":false},"excerpt":{"rendered":"<p>RENTA DE EQUIPO La renta de equipo de c\u00f3mputo es un servicio en el cual se pueden alquilar temporalmente equipos de c\u00f3mputo, como computadoras, laptops, servidores, impresoras u otros dispositivos, para cubrir necesidades espec\u00edficas sin tener que realizar una inversi\u00f3n completa en la adquisici\u00f3n de los equipos. Aspectos importantes relacionados con la renta de equipo [&hellip;]<\/p>\n","protected":false},"author":1,"featured_media":0,"parent":0,"menu_order":0,"comment_status":"closed","ping_status":"closed","template":"","meta":{"om_disable_all_campaigns":false,"_monsterinsights_skip_tracking":false,"_monsterinsights_sitenote_active":false,"_monsterinsights_sitenote_note":"","_monsterinsights_sitenote_category":0,"_joinchat":[],"footnotes":""},"aioseo_notices":[],"_links":{"self":[{"href":"https:\/\/deepweb.mx\/index.php\/wp-json\/wp\/v2\/pages\/686"}],"collection":[{"href":"https:\/\/deepweb.mx\/index.php\/wp-json\/wp\/v2\/pages"}],"about":[{"href":"https:\/\/deepweb.mx\/index.php\/wp-json\/wp\/v2\/types\/page"}],"author":[{"embeddable":true,"href":"https:\/\/deepweb.mx\/index.php\/wp-json\/wp\/v2\/users\/1"}],"replies":[{"embeddable":true,"href":"https:\/\/deepweb.mx\/index.php\/wp-json\/wp\/v2\/comments?post=686"}],"version-history":[{"count":26,"href":"https:\/\/deepweb.mx\/index.php\/wp-json\/wp\/v2\/pages\/686\/revisions"}],"predecessor-version":[{"id":990,"href":"https:\/\/deepweb.mx\/index.php\/wp-json\/wp\/v2\/pages\/686\/revisions\/990"}],"wp:attachment":[{"href":"https:\/\/deepweb.mx\/index.php\/wp-json\/wp\/v2\/media?parent=686"}],"curies":[{"name":"wp","href":"https:\/\/api.w.org\/{rel}","templated":true}]}}